, 3, 5, 797, 4211
List the prime factors of 52923350.
2, 5, 251, 4217
List the prime factors of 5196572.
2, 1299143
List the prime factors of 256312044.
2, 3, 7119779
List the prime factors of 3970084.
2, 992521
What are the prime factors of 56921006?
2, 28460503
What are the prime factors of 37466600?
2, 5, 31, 6043
List the prime factors of 3762338641.
269, 13986389
List the prime factors of 1509102.
2, 3, 7, 29, 59
List the prime factors of 84008220.
2, 3, 5, 17, 82361
What are the prime factors of 702872619?
3, 234290873
What are the prime factors of 154674577?
59, 2621603
List the prime factors of 5167411224.
2, 3, 215308801
List the prime factors of 460676721.
3, 9199, 16693
What are the prime factors of 64141370?
2, 5, 47, 136471
List the prime factors of 1236766555.
5, 59, 4192429
List the prime factors of 3991431946.
2, 127, 15714299
What are the prime factors of 2410537353?
3, 7, 19, 6041447
List the prime factors of 503115287.
29, 17348803
List the prime factors of 5353954503.
3, 433, 1973, 2089
What are the prime factors of 168624213?
3, 56208071
List the prime factors of 146968346.
2, 7, 29, 51713
List the prime factors of 1897546059.
3, 113, 1865827
List the prime factors of 58167553.
53, 1097501
List the prime factors of 1996136168.
2, 13, 41, 468137
What are the prime factors of 34054485?
3, 5, 17, 83, 1609
List the prime factors of 2561367554.
2, 47, 27248591
List the prime factors of 921476013.
3, 307158671
What are the prime factors of 163590174?
2, 3, 11, 47, 17579
List the prime factors of 308066798.
2, 13, 19, 623617
List the prime factors of 1333529889.
3, 43, 1753, 5897
List the prime factors of 1581911811.
3, 175767979
What are the prime factors of 1959731?
1959731
List the prime factors of 19645609.
19645609
List the prime factors of 46291612.
2, 17, 680759
What are the prime factors of 65227567?
7019, 9293
List the prime factors of 170473639.
7, 269, 90533
List the prime factors of 8885284.
2, 2221321
List the prime factors of 4052775850.
2, 5, 71, 173, 6599
List the prime factors of 87641338.
2, 19, 409, 5639
What are the prime factors of 81670187?
81670187
List the prime factors of 332357783.
8209, 40487
What are the prime factors of 79117494?
2, 3, 317, 41597
List the prime factors of 294242593.
43, 101, 67751
What are the prime factors of 28382692?
2, 13, 73, 7477
What are the prime factors of 614688378?
2, 3, 102448063
What are the prime factors of 2404114733?
2404114733
List the prime factors of 1731139685.
5, 11, 19, 1656593
List the prime factors of 2118905527.
59, 35913653
List the prime factors of 393036609.
3, 7, 2153, 8693
List the prime factors of 295913554.
2, 147956777
List the prime factors of 2815882541.
2815882541
What are the prime factors of 1964531270?
2, 5, 13, 15111779
What are the prime factors of 2014965013?
2309, 872657
List the prime factors of 3481385683.
59, 103, 572879
What are the prime factors of 44832932?
2, 19, 619, 953
List the prime factors of 594655537.
7, 84950791
What are the prime factors of 2043962636?
2, 2063, 247693
List the prime factors of 3863830.
2, 5, 386383
What are the prime factors of 85656671?
85656671
List the prime factors of 154837094.
2, 1973, 39239
List the prime factors of 192826696.
2, 31, 281, 2767
What are the prime factors of 12440747?
11, 197, 5741
What are the prime factors of 1623001125?
3, 5, 31, 149, 937
List the prime factors of 79510370.
2, 5, 47, 167, 1013
List the prime factors of 77405685.
3, 5, 7, 137, 5381
List the prime factors of 3577095634.
2, 7, 255506831
List the prime factors of 97385515.
5, 107, 182029
What are the prime factors of 2466290589?
3, 7, 17, 41, 24071
List the prime factors of 59038218.
2, 3, 181, 18121
List the prime factors of 1014844913.
67, 15146939
What are the prime factors of 198680708?
2, 463, 107279
List the prime factors of 459055310.
2, 5, 7, 197, 33289
List the prime factors of 72376840.
2, 5, 1809421
What are the prime factors of 463368732?
2, 3, 19, 139, 14621
List the prime factors of 129417348.
2, 3, 809, 13331
List the prime factors of 14652864.
2, 3, 25439
What are the prime factors of 19740625?
5, 6317
What are the prime factors of 1435556786?
2, 1697, 422969
What are the prime factors of 46226428?
2, 11556607
List the prime factors of 61700637.
3, 2791, 7369
What are the prime factors of 49259672?
2, 7, 11, 79967
What are the prime factors of 470158013?
13, 36166001
List the prime factors of 74266179.
3, 13, 151, 12611
What are the prime factors of 239086865?
5, 173, 276401
What are the prime factors of 1484104807?
61, 101, 139, 1733
What are the prime factors of 60318971?
673, 89627
List the prime factors of 2751781.
29, 94889
List the prime factors of 9599373.
3, 7, 17, 8963
What are the prime factors of 41898656?
2, 1309333
What are the prime factors of 253735446?
2, 3, 587, 72043
List the prime factors of 267717046.
2, 133858523
What are the prime factors of 242701967?
1549, 156683
List the prime factors of 2978636871.
3, 7, 141839851
List the prime factors of 33516567.
3, 7, 532009
What are the prime factors of 1240706559?
3, 413568853
List the prime factors of 139999557.
3, 103, 453073
What are the prime factors of 18961246?
2, 23, 412201
What are the prime factors of 88230408?
2, 3, 7, 17, 30893
What are the prime factors of 107691493?
7, 13, 1183423
List the prime factors of 874557937.
11, 37, 2148791
What are the prime factors of 483777884?
2, 29, 4170499
What are the prime factors of 20812219?
947, 21977
What are the prime factors of 32583093?
3, 443, 24517
List the prime factors of 1482790352.
2, 83, 307, 3637
What are the prime factors of 31564100?
2, 5, 439, 719
What are the prime factors of 366533373?
3, 163, 749557
List the prime factors of 2578008424.
2, 103, 3128651
What are the prime factors of 216224292?
2, 3, 17, 1059923
What are the prime factors of 13334820?
2, 3, 5, 222247
List the prime factors of 21932041.
23, 953567
What are the prime factors of 40282002?
2, 3, 397, 1879
What are the prime factors of 850690757?
7, 53, 2292967
What are the prime factors of 580852444?
2, 145213111
What are the prime factors of 701021850?
2, 3, 5, 89, 52511
List the prime factors of 171028345.
5, 23, 64661
What are the prime factors of 286776498?
2, 3, 47796083
What are the prime factors of 79029469?
109, 725041
What are the prime factors of 47471476?
2, 13, 773, 1181
List the prime factors of 129284683.
11, 19, 618587
What are the prime factors of 21561890?
2, 5, 7, 308027
What are the prime factors of 3028849438?
2, 17, 23, 3873209
What are the prime factors of 380411060?
2, 5, 37, 439, 1171
List the prime factors of 1264117374.
2, 3, 13, 89, 20233
List the prime factors of 95928694.
2, 29, 31, 53353
What are the prime factors of 1265992620?
2, 3, 5, 227, 92951
What are the prime factors of 5904516372?
2, 3, 107, 4598533
List the prime factors of 195253976.
2, 17, 71, 73, 277
What are the prime factors of 232064553?
3, 7, 11050693
List the prime factors of 670826924.
2, 23, 7291597
What are the prime factors of 937116580?
2, 5, 46855829
List the prime factors of 4709779222.
2, 31, 337, 431, 523
List the prime factors of 199439064.
2, 3, 11, 83939
List the prime factors of 11879032.
2, 11, 134989
List the prime factors of 28001941.
11, 17, 13613
List the prime factors of 7878849.
3, 11, 257, 929
List the prime factors of 43740383.
43740383
What are the prime factors of 887211936?
2, 3, 13, 23, 10303
What are the prime factors of 18542296?
2, 2317787
What are the prime factors of 1841160992?
2, 11, 271, 19301
List the prime factors of 348298892.
2, 2767, 31469
What are the prime factors of 5614350?
2, 3, 5, 7, 5347
What are the prime factors of 3706648287?
3, 17257, 71597
List the prime factors of 1924091442.
2, 3, 7, 13, 391553
What are the prime factors of 2709807525?
3, 5, 12043589
List the prime factors of 409986882.
2, 3, 22777049
What are the prime factors of 1301469308?
2, 29, 419, 26777
What are the prime factors of 385786228?
2, 4157, 23201
What are the prime factors of 213102771?
3, 7, 53, 191467
List the prime factors of 124259194.
2, 62129597
List the prime factors of 357583912.
2, 7, 6385427
What are the prime factors of 6363234?
2, 3, 337, 1049
List the prime factors of 98724210.
2